 3 + -2 - (98/(-14) + -18828)?
2, 3, 43, 73
Suppose 5*d + h - 5992 - 11622 = 0, 20 = 5*h. What are the prime factors of d?
2, 3, 587
Suppose -2*o + 1916 = 14*h - 10*h, -4*h + 1940 = -4*o. Let p = h - -40. What are the prime factors of p?
521
Let b = 401 + -400. What are the prime factors of (46*-1)/(4*b/(-96))?
2, 3, 23
Let n(p) = 81*p - 350. Let a be n(6). Let h be 0*(-2)/4 + -69. Let g = a + h. List the prime factors of g.
67
Suppose 7*n = 2*n + 3*a - 117, -4*n = -a + 88. Suppose 2*b + 0*u = 3*u - 16, -12 = -2*b - 4*u. What are the prime factors of 93/((n/28)/(b/4))?
2, 31
Let v(f) = -f**2 - 8*f - 14. Let y be v(-6). What are the prime factors of 149 + -3 - (4 + y)*-1?
2, 37
Let w(h) = h**3 - 13*h**2 + 43*h - 266. What are the prime factors of w(20)?
2, 1697
Suppose -5*k - 36 = -1. Let b(u) = -u**3 - 9*u**2 - 5*u + 7. Let z be b(k). What are the prime factors of (-2)/(-2) + -2 - z?
5, 11
Let w(j) = j**2 + 12*j - 26. Let u be w(13). Let m = 777 - u. What are the prime factors of m?
2, 239
Let c = 400 + -400. Suppose 0 = -9*l - c*l + 5490. What are the prime factors of l?
2, 5, 61
Let z(v) be the second derivative of 7*v**4/12 + v**3/3 + v**2 - v. Let l be -4*11/88*-8. List the prime factors of z(l).
2, 61
Suppose -9*c - 3*g = -12*c - 3, 0 = -3*c + 4*g - 7. Let z = -3 - -5. Suppose -z*s = 2, -c*s + 85 = b - 4*s. What are the prime factors of b?
2, 3, 7
Let g = -78 + 82. Suppose -3*o - 138 = -g*z, -2*z + 5 = -3*o - 67. What are the prime factors of 501/(-33)*-10 - (-6)/z?
2, 19
Let s = 1507 - -9742. What are the prime factors of s?
7, 1607
Let f be (-415)/(-7) + (-2)/7. Suppose 4*l + 5*x - 9 = 0, -l - 50*x + 51*x = -9. Suppose -l*w = r - 4*w - f, -4*w + 236 = 4*r. What are the prime factors of r?
59
Suppose 0 = -3*z - 15. Let c = z - -7. Let v(t) = 15*t**3 - 2*t**2 - 3*t + 3. What are the prime factors of v(c)?
109
Let v be 6/21 - 561/(-21). Suppose -v*h - 660 = -31*h. Suppose 0 = 3*g + 60 - h. List the prime factors of g.
5, 7
Suppose 0 = -542*b + 565*b - 338721. List the prime factors of b.
3, 4909
Suppose -12 = 4*n, -n + 705 = 4*l - 0*n. Let s be ((-20)/8)/(-5) - (-163)/(-2). Let r = l + s. List the prime factors of r.
2, 3
Let y(n) = -4976*n + 53. List the prime factors of y(-1).
47, 107
Let p(i) = 12*i - 15*i**3 - 10*i**2 + 7 + 11*i**3 + 3*i**3 + 6*i. What are the prime factors of p(-13)?
2, 5, 7
Suppose 0 = 2*y + 19*f - 16*f - 24232, -3*y - f = -36369. What are the prime factors of y?
5, 97
Let f(l) = -195*l + 12. Let t(s) = -65*s + 4. Let c(v) = -6*f(v) + 17*t(v). Let q be c(2). Suppose 6*x = -q + 1056. List the prime factors of x.
5, 31
Let n(p) = -22*p + 26. Suppose 8*i - 54 = -14. Let h be n(i). List the prime factors of (-38)/(-14) + (-6)/h*4.
3
Let m be (2/2)/((-1)/(-2)) + -4. What are the prime factors of 10/m - (-502 + (-45)/(-9))?
2, 3, 41
Let z = -18987 - -48226. What are the prime factors of z?
7, 4177
Suppose -3*d = -7*d, b + 5*d - 246 = 0. Let t = b + -187. List the prime factors of t.
59
Let g(d) = d + 15. Let f be -2 - -3 - (-4 + -2 + 7). Suppose a - 3 = -2*q + 14, f = q - 4*a + 5. List the prime factors of g(q).
2, 11
Let k(p) = p**2 + 15*p - 13. Suppose 3*j - 17 = -0*q + q, -5*j - 4*q = -51. What are the prime factors of k(j)?
3, 47
Let d = -599 - 28. Let j be 0 + -1 - d/19. Let t = j + -14. What are the prime factors of t?
2, 3
Let l be 5*-4*(-3 + 8/4). Suppose o + 15 = 2*j, -6*o - l = -3*j - 4*o. What are the prime factors of ((-138)/5)/(j/(-50))?
2, 3, 23
Suppose -4*m + 7 = s + 17, 5*m + 5 = -5*s. Suppose 5*w + s*j = w - 8, 2*j = -2*w. Let l(k) = 7*k**2 + 5*k + 20. What are the prime factors of l(w)?
2, 7
Let m(g) = -g**3 - 7*g**2 - 10*g - 12. Let k be m(-6). What are the prime factors of (15/k)/((-7)/(-980))?
5, 7
Suppose -28768 = -53*l + 181728 + 283994. List the prime factors of l.
2, 3, 5, 311
Let r(n) = -n**2 + 204*n - 1173. List the prime factors of r(74).
8447
Let d = -334 - -514. Let k(r) = -r**3 + 10*r**2 - 6*r - 23. Let a be k(9). Suppose 3*c = 2*s - 102 + 17, 0 = 4*s - a*c - d. What are the prime factors of s?
2, 5
Suppose -5*g - p + 120607 = 0, 37*g - 4*p + 120583 = 42*g. What are the prime factors of g?
3, 11, 17, 43
List the prime factors of -1365*(24/(-3) + -8 + 50/30).
5, 7, 13, 43
Let o(h) = 26*h**2 + 7*h. Let z be o(-8). Let t = z - 868. What are the prime factors of t?
2, 5, 37
Let u(z) = z**2 - 7*z - 1. Let t be u(6). Let f(w) be the first derivative of 2*w**3/3 - 4*w**2 - 12*w - 127. List the prime factors of f(t).
2, 71
Let d be (10/(-2))/(-3 + 4). Let b(n) = -9*n - 25. Let l be b(d). List the prime factors of 172/l - 6/(-15).
3
Suppose -16*q = -26*q + 11530. Let c = q + -651. What are the prime factors of c?
2, 251
Let d(y) be the first derivative of -14 + y**2 + 1/4*y**4 + 3*y**3 - 3*y. List the prime factors of d(-7).
3
Suppose -h - 28*h - 8178 = 0. Let v = h + 457. What are the prime factors of v?
5, 7
Suppose 4*t + 111*o = 109*o + 284706, 2*t - 3*o - 142373 = 0. What are the prime factors of t?
17, 53, 79
Let v = -559 + 483. Suppose 0 = 5*q - 7 - 3, 4*b - 456 = 2*q. Let c = v + b. List the prime factors of c.
3, 13
Let c be (13/(-26))/(1/(-1774)). Let x = c + -329. What are the prime factors of x?
2, 3, 31
Let d be (1 - -23) + 28/(-14). Suppose -d*x - 1480 = -27*x. Suppose 0 = 3*b - 3, -4*r + x = -4*b. List the prime factors of r.
3, 5
Let b(d) = -2*d**3 + 15*d**2 - 10*d + 21. Let p be b(7). Suppose p = 32*k - 29*k - 3216. List the prime factors of k.
2, 67
Let f = 10970 - -1427. List the prime factors of f.
7, 11, 23
Let k(b) = 9*b - 12. Let c(q) = 10*q - 11. Let a(v) = -4*c(v) + 5*k(v). Let p be a(8). Let n = p + -11. What are the prime factors of n?
13
Let p(c) = 10*c**2 - 8*c + 23. Suppose -18*d - 61 = 101. List the prime factors of p(d).
5, 181
Suppose -5*d - 5*a + 43745 = 0, -40 + 28 = 3*a. List the prime factors of d.
8753
Suppose 0 = -3*x - 186 + 2457. Let o = x - 69. What are the prime factors of o?
2, 43
Suppose 2*t + 55 = 7*t + 2*v, -4*v + 38 = 2*t. Let i = t - 1. Suppose 3*p + 4*r = 258, -9*r + i*r = -3*p + 273. What are the prime factors of p?
2, 3, 5
Suppose 3*g - 55*u = -56*u + 50166, 9 = -u. What are the prime factors of g?
3, 5, 223
Let a be 0*(-2)/(-4) - (-174)/87. Suppose b - 613 = -2*b - 2*z, -4*b = a*z - 816. List the prime factors of b.
7, 29
Let o be (-3)/((-27)/23483) - (-50)/(-225). Suppose 7*f - o = 212. List the prime factors of f.
13, 31
Let j(l) = 5*l - l + 6*l - 9 - 12*l. Let s be j(-7). Let q(w) = 3*w**3 - 5*w**2 - 11*w - 5. What are the prime factors of q(s)?
2, 5, 19
Suppose -15 = -127*j + 124*j. Suppose 4464 = j*z + 4*z. Let y = -339 + z. List the prime factors of y.
157
Let h be (-178 - -17)/((-1)/3). Suppose 0 = 12*r - 9*r - h. List the prime factors of r.
7, 23
Let n = 203 + -247. List the prime factors of (-42185)/n - ((-2)/(-8))/(-1).
7, 137
Let j(g) = g**2 - 23*g - 5. Let o be j(12). Let q = 287 + o. What are the prime factors of q*((-3)/(-9) + (-14)/(-30))?
2, 3, 5
Let f(h) be the third derivative of 1/15*h**5 - 1/12*h**4 - 28*h**2 + 1/3*h**3 + 0 + 0*h. What are the prime factors of f(5)?
2, 23
What are the prime factors of (3843/189)/(((-64316)/(-9192))/(-7) + 1)?
2, 61, 383
Suppose -4*m - 25564 = -a, 1217*a - 1214*a + m - 76757 = 0. List the prime factors of a.
2, 3, 13, 41
Let j be (2 + -4)/((-4)/10). List the prime factors of 48/(j + (-279)/57).
2, 3, 19
Let h(w) = -4*w**3 + 33*w**2 - 6*w - 10. Let o be h(8). List the prime factors of (-1 - -3)*(o - (-2202)/12).
379
Let y(u) = -u**3 - 82*u**2 - 133*u - 65. What are the prime factors of y(-82)?
37, 293
Suppose -28*b + 33*b = -7*w + 31706, -6352 = -b - 5*w. List the prime factors of b.
6337
Let z(w) = 2*w**3 + 12*w**2 + 5*w + 4. Let n be z(-5). Let q = 33 - n. Suppose -5*p = 3*u - 759, -q*p + 659 = -u + 45. List the prime factors of p.
3, 17
Let p = 617 - 1053. Let i = p + 748. What are the prime factors of i?
2, 3, 13
Suppose 4*h = 5*c + 16298, -33*h - 16250 = -37*h - 3*c. List the prime factors of h.
7, 83
Let b be (136/(-51))/(3*(-2)/9). Suppose 2*p - 127 = -c + 5*p, 0 = -2*c - b*p + 254. What are the prime factors of c?
127
Let g be 3 + (-28)/4 + 19 - 2. Let d be (-1103)/g + 18/(-117). Let q = -39 - d. What are the prime factors of q?
2, 23
What are the prime factors of (41511/(-12))/(15*1/(